(base 8) to base 6.
3
1 (base 4) to base 10
1
What is 10 (base 3) in base 4?
3
Convert -10 (base 8) to base 15.
-8
Convert 3 (base 7) to base 16.
3
-10 (base 6) to base 4
-12
What is e4 (base 15) in base 7?
424
9 (base 11) to base 8
11
101 (base 2) to base 3
12
2 (base 11) to base 6
2
107 (base 9) to base 5
323
Convert -101001 (base 2) to base 12.
-35
Convert -2 (base 12) to base 14.
-2
What is -13 (base 4) in base 5?
-12
Convert 13 (base 15) to base 4.
102
-4 (base 10) to base 2
-100
4 (base 12) to base 7
4
What is 6 (base 7) in base 8?
6
133 (base 9) to base 13
87
What is 8 (base 13) in base 4?
20
Convert 0 (base 5) to base 12.
0
-71 (base 9) to base 5
-224
What is 5 (base 14) in base 2?
101
What is -6 (base 10) in base 16?
-6
75 (base 9) to base 3
2112
What is 0 (base 4) in base 10?
0
-17 (base 12) to base 4
-103
Convert -10b (base 15) to base 9.
-282
What is 2 (base 7) in base 12?
2
42 (base 16) to base 2
1000010
-11 (base 10) to base 8
-13
32 (base 7) to base 12
1b
Convert 101 (base 2) to base 9.
5
Convert -1c (base 13) to base 5.
-100
What is 17 (base 11) in base 6?
30
Convert -10 (base 3) to base 16.
-3
What is 234 (base 8) in base 9?
183
Convert -62 (base 13) to base 6.
-212
-5 (base 16) to base 7
-5
-1001 (base 2) to base 12
-9
22 (base 15) to base 7
44
Convert 23 (base 7) to base 3.
122
0 (base 7) to base 5
0
What is 1 (base 15) in base 7?
1
What is -10 (base 16) in base 13?
-13
0 (base 14) to base 10
0
-86 (base 15) to base 16
-7e
What is 12120 (base 3) in base 10?
150
Convert -16 (base 9) to base 8.
-17
What is 3 (base 10) in base 6?
3
10 (base 5) to base 3
12
What is 6 (base 15) in base 4?
12
Convert -32 (base 16) to base 12.
-42
0 (base 5) to base 2
0
Convert -18 (base 13) to base 7.
-30
Convert 3 (base 4) to base 12.
3
-1433 (base 5) to base 4
-3303
Convert 112 (base 4) to base 3.
211
What is 186 (base 10) in base 3?
20220
-37 (base 15) to base 9
-57
What is -20 (base 6) in base 5?
-22
Convert -18 (base 16) to base 12.
-20
13 (base 5) to base 9
8
0 (base 6) to base 9
0
What is 60 (base 8) in base 2?
110000
What is 9 (base 13) in base 4?
21
-13 (base 5) to base 2
-1000
What is -34 (base 5) in base 13?
-16
-26 (base 11) to base 14
-20
What is -13 (base 15) in base 2?
-10010
Convert -10 (base 7) to base 6.
-11
-100 (base 3) to base 6
-13
What is -4 (base 7) in base 16?
-4
What is 40 (base 13) in base 14?
3a
Convert -3 (base 14) to base 4.
-3
c (base 15) to base 6
20
What is 2 (base 7) in base 8?
2
Convert b (base 13) to base 15.
b
What is -10 (base 2) in base 8?
-2
Convert -615 (base 7) to base 10.
-306
2 (base 11) to base 16
2
What is 1110101 (base 2) in base 4?
1311
10 (base 8) to base 9
8
Convert 11 (base 13) to base 4.
32
What is -13 (base 6) in base 11?
-9
Convert 0 (base 10) to base 14.
0
4 (base 15) to base 3
11
25 (base 8) to base 7
30
What is -503 (base 6) in base 9?
-223
What is -1 (base 15) in base 6?
-1
What is -82 (base 11) in base 10?
-90
What is 10012 (base 3) in base 11?
79
1 (base 11) to base 9
1
Convert -141 (base 10) to base 14.
-a1
What is 111110 (base 2) in base 10?
62
What is 1022 (base 5) in base 10?
137
-71 (base 8) to base 16
-39
What is 55 (base 7) in base 6?
104
What is 23 (base 7) in base 8?
21
-54 (base 11) to base 7
-113
Convert 3 (base 7) to base 6.
3
What is -c (base 13) in base 16?
-c
-196 (base 16) to base 7
-1120
What is 14 (base 5) in base 16?
9
Convert 1130 (base 4) to base 12.
78
36 (base 7) to base 8
33
Convert -a (base 11) to base 16.
-a
What is -2 (base 5) in base 16?
-2
What is -11 (base 6) in base 3?
-21
157 (base 10) to base 14
b3
What is -11 (base 15) in base 12?
-14
-63 (base 7) to base 12
-39
Convert 0 (base 13) to base 14.
0
Convert -73 (base 8) to base 3.
-2012
Convert -1333 (base 5) to base 9.
-262
What is 102 (base 3) in base 6?
15
What is 14 (base 16) in base 4?
110
What is 10 (base 13) in base 3?
111
-220 (base 10) to base 9
-264
-3 (base 8) to base 4
-3
4 (base 12) to base 5
4
Convert 136 (base 13) to base 2.
11010110
Convert 14 (base 14) to base 6.
30
Convert -51 (base 16) to base 4.
-1101
What is 19 (base 15) in base 16?
18
Convert 42 (base 12) to base 10.
50
-1011 (base 3) to base 6
-51
1 (base 15) to base 2
1
What is 1 (base 3) in base 5?
1
-71 (base 11) to base 9
-86
4 (base 12) to base 9
4
What is 7b (base 13) in base 9?
123
Convert 34 (base 5) to base 9.
21
Convert -10110010 (base 2) to base 12.
-12a
What is -1 (base 10) in base 2?
-1
Convert 11 (base 8) to base 13.
9
What is -3 (base 7) in base 12?
-3
Convert -12d (base 14) to base 16.
-ed
What is 203 (base 4) in base 6?
55
What is -6 (base 9) in base 14?
-6
What is -154 (base 16) in base 12?
-244
Convert -10221 (base 3) to base 2.
-1101010
What is -1113 (base 4) in base 2?
-1010111
Convert 3 (base 16) to base 3.
10
What is -1100 (base 3) in base 10?
-36
Convert -2 (base 7) to base 2.
-10
Convert -199 (base 15) to base 13.
-225
Convert 12 (base 16) to base 2.
10010
What is 47 (base 8) in base 16?
27
Convert -1211 (base 3) to base 10.
-49
16 (base 13) to base 10
19
What is -302 (base 8) in base 10?
-194
1 (base 2) to base 8
1
What is -115 (base 13) in base 12?
-137
What is 3 (base 8) in base 5?
3
Convert -1354 (base 6) to base 16.
-166
171 (base 14) to base 4
10213
Convert 8 (base 15) to base 16.
8
Convert -5 (base 10) to base 6.
-5
10 (base 4) to base 8
4
What is -11 (base 15) in base 2?
-10000
Convert -11 (base 9) to base 5.
-20
Convert 10 (base 5) to base 13.
5
Convert b0 (base 12) to base 15.
8c
What is -9 (base 10) in base 9?
-10
-45 (base 8) to base 12
-31
What is 0 (base 15) in base 6?
0
3 (base 15) to base 10
3
What is -74 (base 8) in base 13?
-48
What is 2 (base 12) in base 13?
2
2 (base 11) to base 16
2
-114 (base 7) to base 11
-55
Convert -5 (base 13) to base 6.
-5
3 (base 4) to base 12
3
What is 2e (base 16) in base 15?
31
122 (base 3) to base 2
10001
8 (base 10) to base 8
10
What is -20 (base 3) in base 5?
-11
What is 23 (base 6) in base 3?
120
-2 (base 8) to base 6
-2
-21 (base 6) to base 3
-111
4 (base 8) to base 2
100
-2 (base 14) to base 4
-2
5 (base 12) to base 4
11
What is -430 (base 6) in base 13?
-c6
4 (base 7) to base 3
11
What is 1 (base 12) in base 16?
1
b (base 15) to base 11
10
What is 2122 (base 3) in base 13?
56
What is -16 (base 16) in base 7?
-31
Convert 201 (base 4) to base 10.
33
-6 (base 10) to base 4
-12
What is 20 (base 11) in base 8?
26
What is 303 (base 9) in base 16?
f6
-100111 (base 2) to base 12
-33
Convert -22 (base 4) to base 16.
-a
What is -57 (base 15) in base 12?
-6a
Convert -30 (base 5) to base 11.
-14
Convert 1 (base 2) to base 10.
1
Convert -1 (base 14) to base 5.
-1
Convert 101000 (base 2) to base 9.
44
What is -141 (base 5) in base 15?
-31
What is -132 (base 5) in base 2?
-101010
Convert 3a (base 12) to base 2.
101110
-5 (base 12) to base 6
-5
1c (base 16) to base 8
34
Convert -1223 (base 4) to base 12.
-8b
Convert 16 (base 14) to base 9.
22
Convert -36 (base 7) to base 14.
-1d
Convert 12 (base 4) to base 2.
110
28 (base 16) to base 6
104
What is 10 (base 3) in base 5?
3
Convert -1 (base 13) to base 8.
-1
0 (base 9) to base 8
0
Convert -1 (base 9) to base 11.
-1
Convert 6 (base 16) to base 3.
20
What is 1 (base 5) in base 9?
1
Convert -10 (base 3) to base 2.
-11
What is 0 (base 4) in base 6?
0
-4 (base 9) to base 11
-4
-1 (base 5) to base 9
-1
What is -31 (base 6) in base 7?
-25
What is -9 (base 13) in base 3?
-100
What is 0 (base 8) in base 5?
0
-3 (base 13) to base 2
-11
Convert -100 (base 2) to base 7.
-4
Convert -3 (base 12) to base 2.
-11
-100 (base 2) to base 15
-4
What is 5 (base 8) in base 14?
5
What is 2 (base 13) in base 4?
2
What is -10 (base 2) in base 10?
-2
-122 (base 7) to base 8
-101
-11 (base 5) to base 2
-110
What is -12 (base 10) in base 4?
-30
-10 (base 2) to base 16
-2
What is 2 (base 13) in base 2?
10
Convert 100 (base 2) to base 4.
10
What is 3 (base 6) in base 13?
3
101 (base 5) to base 16
1a
What is -80 (base 10) in base 4?
-1100
122 (base 3) to base 10
17
28 (base 14) to base 7
51
Convert -16 (base 10) to base 12.
-14
15 (base 15) to base 10
20
-1d (base 14) to base 6
-43
1001101 (base 2) to base 4
1031
What is -185 (base 14) in base 10?
-313
What is 0 (base 13) in base 16?
0
-12 (base 3) to base 9
-5
Convert -2 (base 16) to base 12.
-2
What 